(-633)/4. Let p = 642 - l. List the prime factors of p.
2, 5
Suppose 174000 = -36*s + 86*s. List the prime factors of s.
2, 3, 5, 29
Suppose z - 3 = 4*y - 17, 2*z + 39 = -3*y. List the prime factors of (-389 + 25)*z/8.
3, 7, 13
Suppose -5*a + 10 = 2*c - 2*a, 3*c - 3*a - 15 = 0. Suppose -d + 1695 = 5*u, -3*u - c*d = 2*u - 1675. What are the prime factors of u?
2, 5, 17
Suppose 5*v - 831 - 1794 = 0. Suppose -v = -9*n - 84. What are the prime factors of n?
7
Let a = 3659 - 1496. Suppose 0 = 11*w - 32*w + a. List the prime factors of w.
103
Let o = -678 - -673. List the prime factors of 4 + (-10705)/(-15) - o/15.
2, 359
Let b = 9103 - 1583. What are the prime factors of b?
2, 5, 47
Let c = -1560 - -406. Let t = c + 1697. List the prime factors of t.
3, 181
Let y(q) = -26*q + 3*q - 5 + 7 - 39. Let o(g) = g**2 - 8*g - 71. Let c be o(-5). List the prime factors of y(c).
101
Let r = 14016 - 4919. What are the prime factors of r?
11, 827
Suppose 84*o - 79*o = 430. Let f = o - -374. List the prime factors of f.
2, 5, 23
Let p = 497 - 374. Suppose -s = 2*s - 2*x - p, -34 = -s + 3*x. List the prime factors of s.
43
Suppose -5*j + 44226 + 13313 = 3*h, 3*h = -2*j + 57536. List the prime factors of h.
2, 43, 223
Let b(o) = -28*o + 196. Let v be b(7). Suppose v = -12*s - 35*s + 32148. List the prime factors of s.
2, 3, 19
Suppose -7*g + 3988 + 5973 = 0. Suppose -p = -5*v + 673 + g, v + p = 424. What are the prime factors of v?
2, 3, 5, 7
Suppose -45*z - 456456 = -58*z. Suppose -43*j + z = 14*j. What are the prime factors of j?
2, 7, 11
Suppose -4585427 = -294*w + 12661706 - 1357903. List the prime factors of w.
3, 5, 1201
List the prime factors of (7 + 69/5)/(6/360).
2, 3, 13
Let m(v) = -74*v - 43. Let f be m(-16). Let l = 1597 - f. List the prime factors of l.
2, 3, 19
Suppose 4*d - j + 2*j = -32, 5*d + 61 = 4*j. Let o(t) = -t**2 - 38*t + 1. What are the prime factors of o(d)?
2, 131
Suppose -2*h = 2*i - 10152, -78*i + 5*h = -77*i - 5100. Suppose -3*y = -j + 5*j - 5064, -y = -4*j + i. List the prime factors of j.
3, 47
Let w = -12390 - -19537. List the prime factors of w.
7, 1021
Let l(r) = -3*r + 58. Let q be l(9). Suppose -4*v + 4*m + 1624 = 0, 2*m = v - 440 + q. List the prime factors of v.
13, 31
Let t(y) = -y + 10. Let z be t(5). Suppose 5*v = z, 2*v - 99 = -4*n - v. Let g = 150 - n. List the prime factors of g.
2, 3, 7
Suppose 15*u - 75001 = 34484. Suppose -8373 - u = -12*t. What are the prime factors of t?
2, 653
Suppose 13*b + 9*b + 9158 - 157042 = 0. What are the prime factors of b?
2, 3361
Let g be 52/10 + 18/(-90). Let u(x) = g + 11 + 11*x**2 + 13 - 40 - 3*x. List the prime factors of u(4).
3, 17
Suppose 3*c - 5*y + 0*y = 34153, 4*y + 11389 = c. What are the prime factors of c?
19, 599
Suppose -118 - 1048 = -2*d. Let t = -291 + d. Suppose 7*k = 44 + t. What are the prime factors of k?
2, 3
Let x be (120/(-16))/(-5)*(-52)/(-3). Suppose -2*c = 5*i - 1, -28 = -2*c - 0*i + 4*i. Suppose -c*g = -6*g - x. What are the prime factors of g?
13
List the prime factors of 70/(-20)*(-7)/(7/7234).
7, 3617
Suppose -5*z - h = -53607, 32*h + 10719 = z + 33*h. List the prime factors of z.
2, 3, 1787
Suppose 2*h + 5*g = -3 + 18, 3*h - 15 = -5*g. Suppose 2*i + 5*o - 735 = h, -2*i - 2*i + 1510 = 2*o. List the prime factors of i.
2, 5, 19
Let q(i) = 38*i**3 + 4*i**2 + 4*i - 7. Let z = -41 + 35. Let m(y) = 37*y**3 + 4*y**2 + 5*y - 8. Let p(v) = z*m(v) + 7*q(v). List the prime factors of p(1).
3, 5
Let l(j) = j**2. Let h(w) = 14*w**3 - w**2 - 37*w + 10. Let u(o) = h(o) + 5*l(o). What are the prime factors of u(4)?
2, 3, 137
Let p(v) = -60*v**3 + 5*v**2 - 5*v - 8. List the prime factors of p(-4).
2, 983
Let p = 2194 - -2951. List the prime factors of p.
3, 5, 7
Suppose -2*a = a + 3*a. Suppose -608 = -2*p - 3*n + 1194, a = p - 5*n - 914. What are the prime factors of p?
2, 113
Suppose -2*i - 7*z = -8*z - 16, 4*i - 3*z = 30. Suppose 0 = i*f + 2*f - 7744. What are the prime factors of f?
2, 11
Suppose u + 54*u = 1306195. What are the prime factors of u?
11, 17, 127
Let j(u) = -49*u**2 - u - 1. Let p be j(1). Let h = 50 + p. What are the prime factors of (((-2)/4)/h)/(11/1870)?
5, 17
Let p(m) be the first derivative of -4*m**3/3 - m**2 - 6*m + 4. Let k be p(3). Let y = k - -88. List the prime factors of y.
2, 5
Let b(x) = 91*x**2 + 13*x - 129. What are the prime factors of b(8)?
3, 1933
Suppose 3*q = r - 3222, 0 = -13*r + 8*r - 2*q + 16178. List the prime factors of r.
2, 3, 7, 11
Suppose 3*x = 2*w - w - 20, 3*w + 3*x = 0. Suppose 4*f - 115 = -w*j, 3*j + 2*j - 3*f - 115 = 0. List the prime factors of j.
23
Suppose 25 = 3*v + 5*t, -2 + 10 = 4*t. Suppose -v*i + 1774 + 811 = -5*o, 4*o = 2*i - 1034. What are the prime factors of i?
11, 47
Suppose -3*c + 9 = 0, 3 = 5*l - 3*l - 3*c. Let f(s) = 49*s + 1049. Let n be f(-21). Let a = n - l. List the prime factors of a.
2, 7
Let n be (-25293)/(-27) - 14/(-63). Let k = -490 + n. What are the prime factors of k?
3, 149
Let i(o) = -5139*o + 782. What are the prime factors of i(-1)?
31, 191
Let v = -193 - -193. Suppose v = 386*n - 383*n - 861. List the prime factors of n.
7, 41
List the prime factors of 5 - 30880/24*-3.
5, 773
Suppose -71*p + 51*p = -6000. Let h = p - -375. List the prime factors of h.
3, 5
Suppose 0 = 12*n - 8*n + 20, 0 = -5*m + 5*n + 25. Suppose 3*i - 5*r - 1274 = m, 2*i - 748 = 4*r + 102. What are the prime factors of i?
3, 47
Let r be (-2)/(-6) + -2 - 8/6. Let m(x) = 82*x**2 - 7*x - 11. What are the prime factors of m(r)?
2, 11, 17
Let b(i) = 9*i**2 + 1. Let o be b(1). Let p be ((-2)/4)/(o/(-7460)). Suppose 6*f - 3*f = 5*z - 473, -4*z = 3*f - p. List the prime factors of z.
2, 47
Let b = -101 + 106. Suppose 2*r - 234 = -b*l - 13, -3*r = -5*l - 269. List the prime factors of r.
2, 7
Suppose 0*g = -a + 5*g - 28, 5*a + 4*g = -82. Let c be (a/5 + 3)*(-1343 - 2). Suppose -5*j + c = -83. List the prime factors of j.
2, 89
What are the prime factors of (-5 - 6545/22)*-80?
2, 5, 11
Let d = 14186 + -4019. What are the prime factors of d?
3, 3389
List the prime factors of 159/424*(24301 + -1 - 4).
3, 3037
Let q = 57358 - 39127. What are the prime factors of q?
3, 59, 103
Suppose 207601 + 164274 + 225613 = 214*s. List the prime factors of s.
2, 349
Let a = -13953 + 28051. List the prime factors of a.
2, 7, 19, 53
Suppose 2*r - 2*d - 16 = 0, d + 32 = 4*r + 3*d. Let a be (r - -2)/5 + 49. Suppose a = k - 33. What are the prime factors of k?
2, 3, 7
Let z(y) = y**2 + 8*y + 19. Let v be z(-25). Suppose -8*l + 5*l + 321 = m, v = 4*l - 4*m. List the prime factors of l.
2, 3
Suppose 4*q + 9291 = 4*j - 6433, -2*q + 11793 = 3*j. What are the prime factors of j?
3931
Suppose 0 = 3*j + 4*j - 84. Let v = 15 - j. Suppose v*x - 380 = -2*x. What are the prime factors of x?
2, 19
Let g(r) be the third derivative of r**5/60 - r**4/12 - 2*r**3 - 17*r**2. Let j be g(6). Suppose -j*z = z - 169. List the prime factors of z.
13
Let v(w) = w**3 + 4*w + 611. Let n be v(0). Suppose 5*j - n = 174. List the prime factors of j.
157
Let n(q) = 10745*q**2 - 47*q - 53. List the prime factors of n(-1).
10739
Suppose -2*n - 5*i + 15 = 0, -2*i = -2*n + 37 + 13. Suppose 0 = 5*q - n, 5*a - 440 - 956 = -4*q. Suppose 56*c = 58*c - a. What are the prime factors of c?
2, 3, 23
Let g(y) = 138*y**3 - 2*y**2 - 6*y + 6. List the prime factors of g(3).
2, 3, 7, 11
What are the prime factors of 5 + 48844*(-10)/(-8) + (-10)/2?
5, 12211
Suppose 48*w - n = 44*w + 35697, 0 = -5*n - 5. List the prime factors of w.
2, 23, 97
Let j = -1470 + 1504. Suppose -3*h + 5*a = -3017, 0 = 3*h - 4*a + 5*a - 3011. Suppose -30*y = -j*y + h. What are the prime factors of y?
251
Suppose 2*l + 13 + 39 = 0. Let h = -23 - l. Suppose 0 = -h*w - 5 + 20, 4*w = -2*v + 210. What are the prime factors of v?
5, 19
Let u(j) = -j**2 - 62*j - 44. Let s be 4/44 + (-1162)/77. List the prime factors of u(s).
661
Let l(h) = 124*h**2 - 262*h - 14. What are the prime factors of l(-18)?
2, 19, 1181
Suppose -10*b + 55 = b. Suppose j + 56 = -r, j + 3*j - b*r + 206 = 0. Let p = 2 - j. List the prime factors of p.
2, 7
Let u(c) = 305*c**3 + c**2 + 46*c - 246. List the prime factors of u(5).
2, 23, 829
Suppose 62*y - 3*x = 59*y + 56523, 0 = 5*x + 15. What are the prime factors of y?
2, 9419
Suppose 7*x = 13*x + 108. S